{"id":240,"date":"2024-04-09T13:35:42","date_gmt":"2024-04-09T11:35:42","guid":{"rendered":"https:\/\/museionparis.com\/?page_id=240"},"modified":"2026-01-02T12:21:26","modified_gmt":"2026-01-02T11:21:26","slug":"a-propos-de-mupa","status":"publish","type":"page","link":"https:\/\/museionparis.com\/index.php\/a-propos-de-mupa\/","title":{"rendered":"A propos de M<span style=\"color:#e94316\">u<\/span>P<span style=\"color:#e94316\">a<\/span>"},"content":{"rendered":"\n<p class=\"has-black-color has-text-color has-link-color\"><p class=\"has-black-color has-text-color has-link-color\" align=\"justify\">La cr\u00e9ation contemporaine en mosa\u00efque est vive et port\u00e9e notamment par de jeunes artistes dans le monde entier. Longtemps rel\u00e9gu\u00e9e \u00e0 une pratique de d\u00e9coration ou de restauration de monuments historiques, la mosa\u00efque est aujourd\u2019hui investie par des artistes qui r\u00e9inventent son langage, sa grammaire et font ainsi na\u00eetre des \u0153uvres r\u00e9ellement in\u00e9dites. Le foisonnement cr\u00e9atif observ\u00e9 aujourd\u2019hui autour de ce medium, rest\u00e9 longtemps vierge de toute recherche, place cet art \u00e0 un moment clef de son histoire.<\/p><\/p>\n\n\n\nM<span style=\"color:#e94316\">u<\/span>P<span style=\"color:#e94316\">a<\/span> vise \u00e0 faire conna\u00eetre \u00e0 un large public le travail d\u2019artistes contemporains utilisant le medium de la mosa\u00efque, et \u00e0 affirmer la place de ces artistes dans le monde de l\u2019art. \u00c0 ces fins, l&rsquo;association produit des expositions, organise des r\u00e9sidences d\u2019artistes, publie des catalogues d&rsquo;expositions et des vid\u00e9os. M<span style=\"color:#e94316\">u<\/span>P<span style=\"color:#e94316\">a<\/span> collabore \u00e9galement avec des institutions et d&rsquo;autres associations en France et \u00e0 l&rsquo;\u00e9tranger pour des projets sp\u00e9cifiques.<\/p><\/p>\n\n\n\n<p><\/p>\n","protected":false},"excerpt":{"rendered":"<p>La cr\u00e9ation contemporaine en mosa\u00efque est vive et port\u00e9e notamment par de jeunes artistes dans le monde entier. Longtemps rel\u00e9gu\u00e9e \u00e0 une pratique de d\u00e9coration ou de restauration de monuments historiques, la mosa\u00efque est aujourd\u2019hui investie par des artistes qui r\u00e9inventent son langage, sa grammaire et font ainsi na\u00eetre des \u0153uvres r\u00e9ellement in\u00e9dites. Le foisonnement [&hellip;]<\/p>\n","protected":false},"author":1,"featured_media":0,"parent":0,"menu_order":0,"comment_status":"closed","ping_status":"closed","template":"","meta":{"footnotes":""},"class_list":["post-240","page","type-page","status-publish","czr-hentry"],"yoast_head":"<!-- This site is optimized with the Yoast SEO plugin v27.0 - https:\/\/yoast.com\/product\/yoast-seo-wordpress\/ -->\n<title>A propos de MuPa - museionparis.com<\/title>\n<meta name=\"robots\" content=\"index, follow, max-snippet:-1, max-image-preview:large, max-video-preview:-1\" \/>\n<link rel=\"canonical\" href=\"https:\/\/museionparis.com\/index.php\/a-propos-de-mupa\/\" \/>\n<meta property=\"og:locale\" content=\"fr_FR\" \/>\n<meta property=\"og:type\" content=\"article\" \/>\n<meta property=\"og:title\" content=\"A propos de MuPa - museionparis.com\" \/>\n<meta property=\"og:description\" content=\"La cr\u00e9ation contemporaine en mosa\u00efque est vive et port\u00e9e notamment par de jeunes artistes dans le monde entier. Longtemps rel\u00e9gu\u00e9e \u00e0 une pratique de d\u00e9coration ou de restauration de monuments historiques, la mosa\u00efque est aujourd\u2019hui investie par des artistes qui r\u00e9inventent son langage, sa grammaire et font ainsi na\u00eetre des \u0153uvres r\u00e9ellement in\u00e9dites. Le foisonnement [&hellip;]\" \/>\n<meta property=\"og:url\" content=\"https:\/\/museionparis.com\/index.php\/a-propos-de-mupa\/\" \/>\n<meta property=\"og:site_name\" content=\"museionparis.com\" \/>\n<meta property=\"article:publisher\" content=\"https:\/\/facebook.com\/mupamuseionparis\/\" \/>\n<meta property=\"article:modified_time\" content=\"2026-01-02T11:21:26+00:00\" \/>\n<meta name=\"twitter:card\" content=\"summary_large_image\" \/>\n<meta name=\"twitter:label1\" content=\"Dur\u00e9e de lecture estim\u00e9e\" \/>\n\t<meta name=\"twitter:data1\" content=\"1 minute\" \/>\n<script type=\"application\/ld+json\" class=\"yoast-schema-graph\">{\"@context\":\"https:\/\/schema.org\",\"@graph\":[{\"@type\":\"WebPage\",\"@id\":\"https:\/\/museionparis.com\/index.php\/a-propos-de-mupa\/\",\"url\":\"https:\/\/museionparis.com\/index.php\/a-propos-de-mupa\/\",\"name\":\"A propos de MuPa - museionparis.com\",\"isPartOf\":{\"@id\":\"https:\/\/museionparis.com\/#website\"},\"datePublished\":\"2024-04-09T11:35:42+00:00\",\"dateModified\":\"2026-01-02T11:21:26+00:00\",\"breadcrumb\":{\"@id\":\"https:\/\/museionparis.com\/index.php\/a-propos-de-mupa\/#breadcrumb\"},\"inLanguage\":\"fr-FR\",\"potentialAction\":[{\"@type\":\"ReadAction\",\"target\":[\"https:\/\/museionparis.com\/index.php\/a-propos-de-mupa\/\"]}]},{\"@type\":\"BreadcrumbList\",\"@id\":\"https:\/\/museionparis.com\/index.php\/a-propos-de-mupa\/#breadcrumb\",\"itemListElement\":[{\"@type\":\"ListItem\",\"position\":1,\"name\":\"Accueil\",\"item\":\"https:\/\/museionparis.com\/\"},{\"@type\":\"ListItem\",\"position\":2,\"name\":\"A propos de MuPa\"}]},{\"@type\":\"WebSite\",\"@id\":\"https:\/\/museionparis.com\/#website\",\"url\":\"https:\/\/museionparis.com\/\",\"name\":\"museionparis.com\",\"description\":\"D\u00e9di\u00e9 aux artistes contemporains qui explorent le m\u00e9dium de la mosa\u00efque\",\"publisher\":{\"@id\":\"https:\/\/museionparis.com\/#organization\"},\"potentialAction\":[{\"@type\":\"SearchAction\",\"target\":{\"@type\":\"EntryPoint\",\"urlTemplate\":\"https:\/\/museionparis.com\/?s={search_term_string}\"},\"query-input\":{\"@type\":\"PropertyValueSpecification\",\"valueRequired\":true,\"valueName\":\"search_term_string\"}}],\"inLanguage\":\"fr-FR\"},{\"@type\":\"Organization\",\"@id\":\"https:\/\/museionparis.com\/#organization\",\"name\":\"museionparis.com\",\"url\":\"https:\/\/museionparis.com\/\",\"logo\":{\"@type\":\"ImageObject\",\"inLanguage\":\"fr-FR\",\"@id\":\"https:\/\/museionparis.com\/#\/schema\/logo\/image\/\",\"url\":\"https:\/\/museionparis.com\/wp-content\/uploads\/2024\/03\/logo-rvb-png-2.png\",\"contentUrl\":\"https:\/\/museionparis.com\/wp-content\/uploads\/2024\/03\/logo-rvb-png-2.png\",\"width\":1752,\"height\":993,\"caption\":\"museionparis.com\"},\"image\":{\"@id\":\"https:\/\/museionparis.com\/#\/schema\/logo\/image\/\"},\"sameAs\":[\"https:\/\/facebook.com\/mupamuseionparis\/\",\"https:\/\/www.instagram.com\/mupa_museionparis\"]}]}<\/script>\n<!-- \/ Yoast SEO plugin. -->","yoast_head_json":{"title":"A propos de MuPa - museionparis.com","robots":{"index":"index","follow":"follow","max-snippet":"max-snippet:-1","max-image-preview":"max-image-preview:large","max-video-preview":"max-video-preview:-1"},"canonical":"https:\/\/museionparis.com\/index.php\/a-propos-de-mupa\/","og_locale":"fr_FR","og_type":"article","og_title":"A propos de MuPa - museionparis.com","og_description":"La cr\u00e9ation contemporaine en mosa\u00efque est vive et port\u00e9e notamment par de jeunes artistes dans le monde entier. Longtemps rel\u00e9gu\u00e9e \u00e0 une pratique de d\u00e9coration ou de restauration de monuments historiques, la mosa\u00efque est aujourd\u2019hui investie par des artistes qui r\u00e9inventent son langage, sa grammaire et font ainsi na\u00eetre des \u0153uvres r\u00e9ellement in\u00e9dites. Le foisonnement [&hellip;]","og_url":"https:\/\/museionparis.com\/index.php\/a-propos-de-mupa\/","og_site_name":"museionparis.com","article_publisher":"https:\/\/facebook.com\/mupamuseionparis\/","article_modified_time":"2026-01-02T11:21:26+00:00","twitter_card":"summary_large_image","twitter_misc":{"Dur\u00e9e de lecture estim\u00e9e":"1 minute"},"schema":{"@context":"https:\/\/schema.org","@graph":[{"@type":"WebPage","@id":"https:\/\/museionparis.com\/index.php\/a-propos-de-mupa\/","url":"https:\/\/museionparis.com\/index.php\/a-propos-de-mupa\/","name":"A propos de MuPa - museionparis.com","isPartOf":{"@id":"https:\/\/museionparis.com\/#website"},"datePublished":"2024-04-09T11:35:42+00:00","dateModified":"2026-01-02T11:21:26+00:00","breadcrumb":{"@id":"https:\/\/museionparis.com\/index.php\/a-propos-de-mupa\/#breadcrumb"},"inLanguage":"fr-FR","potentialAction":[{"@type":"ReadAction","target":["https:\/\/museionparis.com\/index.php\/a-propos-de-mupa\/"]}]},{"@type":"BreadcrumbList","@id":"https:\/\/museionparis.com\/index.php\/a-propos-de-mupa\/#breadcrumb","itemListElement":[{"@type":"ListItem","position":1,"name":"Accueil","item":"https:\/\/museionparis.com\/"},{"@type":"ListItem","position":2,"name":"A propos de MuPa"}]},{"@type":"WebSite","@id":"https:\/\/museionparis.com\/#website","url":"https:\/\/museionparis.com\/","name":"museionparis.com","description":"D\u00e9di\u00e9 aux artistes contemporains qui explorent le m\u00e9dium de la mosa\u00efque","publisher":{"@id":"https:\/\/museionparis.com\/#organization"},"potentialAction":[{"@type":"SearchAction","target":{"@type":"EntryPoint","urlTemplate":"https:\/\/museionparis.com\/?s={search_term_string}"},"query-input":{"@type":"PropertyValueSpecification","valueRequired":true,"valueName":"search_term_string"}}],"inLanguage":"fr-FR"},{"@type":"Organization","@id":"https:\/\/museionparis.com\/#organization","name":"museionparis.com","url":"https:\/\/museionparis.com\/","logo":{"@type":"ImageObject","inLanguage":"fr-FR","@id":"https:\/\/museionparis.com\/#\/schema\/logo\/image\/","url":"https:\/\/museionparis.com\/wp-content\/uploads\/2024\/03\/logo-rvb-png-2.png","contentUrl":"https:\/\/museionparis.com\/wp-content\/uploads\/2024\/03\/logo-rvb-png-2.png","width":1752,"height":993,"caption":"museionparis.com"},"image":{"@id":"https:\/\/museionparis.com\/#\/schema\/logo\/image\/"},"sameAs":["https:\/\/facebook.com\/mupamuseionparis\/","https:\/\/www.instagram.com\/mupa_museionparis"]}]}},"_links":{"self":[{"href":"https:\/\/museionparis.com\/index.php\/wp-json\/wp\/v2\/pages\/240","targetHints":{"allow":["GET"]}}],"collection":[{"href":"https:\/\/museionparis.com\/index.php\/wp-json\/wp\/v2\/pages"}],"about":[{"href":"https:\/\/museionparis.com\/index.php\/wp-json\/wp\/v2\/types\/page"}],"author":[{"embeddable":true,"href":"https:\/\/museionparis.com\/index.php\/wp-json\/wp\/v2\/users\/1"}],"replies":[{"embeddable":true,"href":"https:\/\/museionparis.com\/index.php\/wp-json\/wp\/v2\/comments?post=240"}],"version-history":[{"count":30,"href":"https:\/\/museionparis.com\/index.php\/wp-json\/wp\/v2\/pages\/240\/revisions"}],"predecessor-version":[{"id":709,"href":"https:\/\/museionparis.com\/index.php\/wp-json\/wp\/v2\/pages\/240\/revisions\/709"}],"wp:attachment":[{"href":"https:\/\/museionparis.com\/index.php\/wp-json\/wp\/v2\/media?parent=240"}],"curies":[{"name":"wp","href":"https:\/\/api.w.org\/{rel}","templated":true}]}}